omposite?
False
Is 45/(-20)*(-328)/6 a prime number?
False
Suppose -27 = -9*k + 6*k. Let m(f) = 3 - 169*f - k + 7. Is m(-4) composite?
False
Let p = 126 - 124. Suppose l + 1294 = p*i, 0 = -3*i + l - 2*l + 1951. Is i composite?
True
Let m(z) be the third derivative of -3*z**2 + 0 - 2/15*z**5 + 7/6*z**3 + 0*z - 1/120*z**6 - 3/8*z**4. Is m(-8) a composite number?
False
Let b(n) be the second derivative of n**7/2520 - n**6/360 + 7*n**5/120 - n**4/6 + 2*n. Let v(x) be the third derivative of b(x). Is v(-6) a composite number?
True
Let d = -1630 - -2331. Suppose -9*f - d = -8702. Is f a composite number?
True
Suppose -2*m + 8*c + 20186 = 6*c, -4*c = -m + 10081. Is m a prime number?
False
Suppose -3*v + 3*w = 8*w - 9789, -v + 5*w + 3263 = 0. Is v a composite number?
True
Suppose -2*p = -w - 7873, 5*p + 15753 = 9*p + 5*w. Is p prime?
False
Suppose -s + 45*t - 43*t + 27401 = 0, -5*t + 82181 = 3*s. Is s prime?
True
Let j(y) = 70*y + 7. Let a = -35 + 39. Is j(a) a composite number?
True
Let x = -52 - -37. Let a = x - -11. Is (-3)/6 - 5574/a composite?
True
Let t(i) = i**2 + 8*i + 2. Let g be t(-8). Suppose -w + 5*j + g = -5, w + 3*j = -1. Suppose -w*a + 3*a - v - 91 = 0, a - 91 = -v. Is a a composite number?
True
Let t be 2/((-32)/12)*4. Let n be (-3)/(t - 21/(-6)). Is 62*(0 + (-3)/n) a prime number?
True
Let y = 415 - -1437. Suppose -5*m = -3*l + y, -6*l = -4*l - 4*m - 1238. Is (-2)/((-615)/l - -1) composite?
True
Is 1/((5 + -2)/49506*2) a composite number?
True
Let t(n) = -2*n**2 + 9*n + 7. Let p be t(5). Is (5 - p/2) + 31 a composite number?
True
Let t(p) = 44*p + 6. Let r(j) = -j + 1. Let l(h) = -3*r(h) + t(h). Let z = 224 + -216. Is l(z) prime?
True
Let y = 66286 - 32607. Is y prime?
True
Let y be 0/(7/5 - (-16)/(-40)). Suppose 615 = 4*d - 3*q - 599, y = -2*d - 5*q + 620. Is d a prime number?
False
Let b = -7553 + 19456. Is b composite?
False
Suppose 41 = -2*l + 4*u + 11, 3*l - 5*u = -42. Let g = 41 + l. Is (-1675)/(-7) + g/(-112) prime?
True
Let j(k) be the third derivative of k**4/6 + 5*k**3/6 - 2*k**2. Let h = 19 - 11. Is j(h) composite?
False
Suppose 6 - 18 = 3*w. Let h be 2 - w/(8/(-26)). Let y(v) = -v**3 - 6*v**2 + 11*v - 15. Is y(h) a prime number?
False
Let h = -1631 - -4235. Suppose -h = -7*w + 679. Is w prime?
False
Let m(f) = -f**3 + 10*f**2 + 13*f - 1. Let g be m(11). Let i = -37 + g. Let p = 3 - i. Is p prime?
True
Suppose 2*n + 26 = 4*n. Is 2437/2*(-11 + n) composite?
False
Suppose 0 = 111*i - 102*i - 24939. Is i composite?
True
Suppose 0 = o - 0*v - 3*v - 174, -4*v + 167 = o. Suppose -2*b = -3*u - 38 - 36, -o = -5*b + 4*u. Is b a composite number?
False
Let v(x) = 5*x**3 - 11*x**2 + 24*x - 29. Is v(10) a prime number?
True
Let d(b) = b**3 + 5*b**2 + b + 7. Let a be d(-5). Suppose 0*c + c = -5*j + 3685, -a*j = -c - 1474. Is j a prime number?
False
Let f(m) be the second derivative of -m**4/12 - 23*m**3/6 + 41*m**2/2 + 5*m. Is f(-17) composite?
True
Let v = -1181 - -408. Let d be v/(-3) + (-3)/(-9). Let x = -143 + d. Is x prime?
False
Let o(x) = 2509*x**2 + 4*x - 2. Is o(-1) a composite number?
False
Suppose -3*g + 3*d = -18, 5 = -5*d - 0. Let r(u) = -u**3 + 4*u**2 - u - 4. Let s(x) = x**2. Let h(k) = -r(k) + 3*s(k). Is h(g) a prime number?
True
Let n(h) = 330*h - 7. Is n(6) composite?
False
Let m(a) = 2 - 4 + 3 - 52*a. Let x be (52/(-156))/(((-2)/(-60))/1). Is m(x) composite?
False
Suppose 3*v = -2*h + 4*v + 382, 0 = 4*h + 2*v - 764. Let c = h - 321. Let n = -12 - c. Is n a composite number?
True
Let d = 332 - 90. Suppose 9*n + d = 11*n - 3*g, 0 = -4*n + 2*g + 500. Is n prime?
True
Let g(p) = -141*p + 59. Suppose -9*y - 35 = 37. Is g(y) a composite number?
False
Let s(g) = 4*g**2 + g + 15. Let p be s(-4). Is (-2)/15 + 270835/p prime?
False
Suppose 3 = 3*v, -c - 3*c - 240 = 4*v. Let j = 210 + c. Is j a composite number?
False
Suppose -14 = 4*w + 58. Is 4/(-2)*1971/w a composite number?
True
Is (-36)/(18 + -9) - -29*13 a prime number?
True
Let y = 12 + -10. Let g be (92/5)/(y/5). Let m = g + 139. Is m composite?
True
Suppose 122*c - 76*c - 1543898 = 0. Is c a prime number?
True
Let g = -1159 + 706. Let k = -1045 - g. Let p = k - -1089. Is p composite?
True
Suppose p - 3*o = 3, -6 = -4*p - 4*o + 6. Suppose -518 = -p*i - 2*c + 195, -c = -2*i + 473. Is i a composite number?
True
Let k(l) = -14202*l - 59. Is k(-1) prime?
True
Suppose -361*p - 19431 = -370*p. Is p prime?
False
Let o(z) = 2*z**2 - 2*z + 3. Suppose 1 = 4*a - 11. Let f be o(a). Is ((-30)/(-9))/(2/f) a composite number?
True
Let p(r) = -199*r**2 - 2*r + 14. Let y(i) = -i + 1. Let l(v) = -p(v) - 6*y(v). Is l(-5) prime?
False
Let t(c) = c**2 + 10*c + 4. Let m be t(-10). Suppose 6 = -n + 3*s, m*s - 9 = -5*n - 1. Suppose -2*u + 764 - 150 = n. Is u prime?
True
Suppose -5*v - 5*w + 5615 = 0, -v + 0*v - 2*w = -1125. Suppose 3*g = 5*d + v, -d + 1129 = 3*g - 2*d. Is g composite?
True
Let p be ((-2)/4)/(1/(-16)). Let o(f) = 7*f + 13*f**2 - p*f - 9 + 4*f. Is o(4) a composite number?
False
Let a = 35 + -30. Suppose -a*z = -6*z + 3. Suppose 4*u + 4*f - 762 = 2*u, 0 = 5*u - z*f - 1957. Is u a composite number?
False
Let q(r) = r**2 - r + 2459. Let i = 129 + -129. Is q(i) prime?
True
Suppose 9*q - 18499 - 4028 = 0. Is q prime?
True
Suppose -91*p = -95*p - 4. Let n(y) = -303*y + 4. Is n(p) a prime number?
True
Suppose 180825 - 1278610 = -13*n. Is n a composite number?
True
Let j be 1 + 0/1 - 11. Let i(l) = 9*l**2 + 10*l - 3. Is i(j) composite?
False
Let d = 234 - 383. Let b = d - -1068. Is b a prime number?
True
Suppose 2*r = 4, -3*g + r + 6 + 4 = 0. Suppose 3*p - 7609 = -g*p. Is p a composite number?
False
Is -4*1*(-2 + (-15144)/32) composite?
False
Let z = 12986 - 7663. Is z a composite number?
False
Let b(g) = -g**3 + 6*g**2 - 3*g - 2. Let p be b(5). Let q be (-10)/40 + 18/p. Is 19*(q + (-3)/(-3)) a composite number?
True
Let g(a) = 7*a**2 + 8*a + 1. Let d be g(-5). Suppose -4*h = -604 + 100. Let k = d + h. Is k prime?
False
Let d(j) = 83*j - 15. Suppose 2*c + 8 = 4*c. Is d(c) prime?
True
Let d(x) = 58*x - 5. Let q be d(7). Let w(r) = 165*r + 3. Let z be w(-1). Let p = z + q. Is p a prime number?
True
Is 1693/((-3 + -3)/(-6)) a composite number?
False
Let d = 28437 - 10208. Is d prime?
True
Suppose 4*n - 2*c = 8650, n - 1849 = 4*c + 324. Is n composite?
False
Suppose 4*z - 3*w - 14397 - 27602 = 0, -4*w - 31501 = -3*z. Is z a prime number?
True
Suppose -3*u = -2*u. Suppose 6*a - 10158 + 756 = u. Is a a prime number?
True
Suppose 0 = 2*o + d - 8, -3*o + 4*d = -0*d + 10. Let i = -24 + 59. Suppose -o*y + 281 = -i. Is y a prime number?
False
Suppose -2*i + 39624 = 6*i. Suppose -3814 + 12081 = 5*q + 2*p, -3*p + i = 3*q. Is q composite?
True
Let y(q) = 6*q - 12 + 81*q**2 - 3 + 0*q**2 + 6. Is y(2) a composite number?
True
Let i = 2049 - -8872. Is i a composite number?
True
Let f(q) = -q**3 + 16*q**2 - 4*q - 8. Let h = 27 - 28. Let l be 4*h/(4/(-13)). Is f(l) a composite number?
True
Let u = -145 - -216. Suppose 4*c - 2*h = 3*h + u, 5*h = -5*c + 145. Is ((-1072)/c)/((-2)/3) a composite number?
False
Let j be (1/2)/(1/38970). Is 6/(-4) + j/18 composite?
True
Let b be (-1068)/6*(-1)/(-2). Let w = b + 280. Is w prime?
True
Let s(k) = 12*k + 5. Let u be 9 + (1 + 3)/(-1). Suppose u*r - 7 - 13 = 0. Is s(r) a prime number?
True
Let o(w) be the third derivative of -179*w**4/8 - 2*w**3/3 + 3*w**2. Is o(-1) a prime number?
False
Let r(l) = 36*l**2 - 9*l - 8. Let p be 15*((-5)/15 - 0). Let v be r(p). Let m = v - 470. Is m composite?
False
Let y(u) = 11*u**3 - 2*u + 2. Let r be y(1). Suppose -4 - r = -5*g, -5*g = 4*j - 4363. Is j a composite number?
False
Let i be -1 - 1 - (-10 - -3). Let p(f) = i + 1 + 2 - 27*f. Is p(-5) prime?
False
Suppose 5*k - 5*x = -8*x + 28, -4 = 2*k + 5*x. Is ((-1282)/4)/(k/(-16)) prime?
True
Let s(o) be the second derivative of 23*o**4/3 + o**3/6 + o**2/2 - 2*o. Is s(-2) composite?
False
Suppose -9*i = -4*i. Suppose 0 = 2*u - i*u - 446. Is u prime?
True
Let s(y) = 18*y**2 + 57*y - 37. Is s(-16) prime?
True
Let v be 10/4*8/5. Suppose v*d + 3 = 19. Suppose 4*s + 4*m = 76, 4*m + 50 = d*s + s. Is s a composite number?
True
Suppose 2*i - 2195 - 1959 = 0. Is i composite?
True
Suppose -2*k + 4648 - 342 = 0. Is k a composite number?
False
Let t = 233465 + -127864. Is t prime?
True
Let x(p) 